
What is the thousands digit of 4592?
4
What is the hundreds digit of 1413?
4
What is the tens digit of 1448?
4
What is the hundreds digit of 977?
9
What is the thousands digit of 3144?
3
What is the thousands digit of 56073?
6
What is the hundreds digit of 10221?
2
What is the ten thousands digit of 85288?
8
What is the tens digit of 28089?
8
What is the hundreds digit of 8661?
6
What is the thousands digit of 2237?
2
What is the units digit of 713?
3
What is the hundreds digit of 706?
7
What is the ten thousands digit of 34823?
3
What is the units digit of 332?
2
What is the tens digit of 39873?
7
What is the hundred thousands digit of 185828?
1
What is the tens digit of 2811?
1
What is the thousands digit of 7424?
7
What is the units digit of 1232?
2
What is the hundreds digit of 1679?
6
What is the tens digit of 10959?
5
What is the tens digit of 3079?
7
What is the units digit of 69116?
6
What is the ten thousands digit of 15702?
1
What is the thousands digit of 6413?
6
What is the hundreds digit of 6346?
3
What is the tens digit of 1845?
4
What is the units digit of 4013?
3
What is the tens digit of 3151?
5
What is the units digit of 3354?
4
What is the hundreds digit of 4013?
0
What is the units digit of 79707?
7
What is the tens digit of 35355?
5
What is the tens digit of 112476?
7
What is the units digit of 22259?
9
What is the ten thousands digit of 42891?
4
What is the thousands digit of 21805?
1
What is the thousands digit of 38635?
8
What is the thousands digit of 4169?
4
What is the units digit of 21653?
3
What is the thousands digit of 2449?
2
What is the hundreds digit of 154450?
4
What is the hundreds digit of 40978?
9
What is the units digit of 9017?
7
What is the thousands digit of 172559?
2
What is the ten thousands digit of 10131?
1
What is the units digit of 213?
3
What is the hundreds digit of 61055?
0
What is the tens digit of 70?
7
What is the ten thousands digit of 34224?
3
What is the units digit of 76?
6
What is the units digit of 194?
4
What is the hundreds digit of 4378?
3
What is the tens digit of 1231?
3
What is the hundreds digit of 681?
6
What is the thousands digit of 5818?
5
What is the tens digit of 1739?
3
What is the units digit of 2374?
4
What is the thousands digit of 1060?
1
What is the units digit of 83?
3
What is the thousands digit of 3667?
3
What is the thousands digit of 25481?
5
What is the thousands digit of 1834?
1
What is the thousands digit of 11987?
1
What is the thousands digit of 5287?
5
What is the tens digit of 3183?
8
What is the units digit of 1300?
0
What is the hundreds digit of 4213?
2
What is the units digit of 47272?
2
What is the units digit of 5821?
1
What is the hundreds digit of 3994?
9
What is the tens digit of 60343?
4
What is the hundreds digit of 1688?
6
What is the units digit of 11959?
9
What is the tens digit of 907?
0
What is the units digit of 31960?
0
What is the thousands digit of 1434?
1
What is the tens digit of 78935?
3
What is the ten thousands digit of 13101?
1
What is the ten thousands digit of 21301?
2
What is the hundreds digit of 7085?
0
What is the tens digit of 237?
3
What is the units digit of 1703?
3
What is the hundreds digit of 1871?
8
What is the units digit of 3342?
2
What is the tens digit of 1719?
1
What is the ten thousands digit of 28542?
2
What is the units digit of 4?
4
What is the hundreds digit of 83297?
2
What is the units digit of 3005?
5
What is the units digit of 7529?
9
What is the units digit of 1373?
3
What is the hundreds digit of 10588?
5
What is the thousands digit of 4381?
4
What is the thousands digit of 5383?
5
What is the thousands digit of 28255?
8
What is the thousands digit of 9491?
9
What is the tens digit of 7040?
4
What is the units digit of 2702?
2
What is the units digit of 461?
1
What is the hundreds digit of 50325?
3
What is the thousands digit of 3767?
3
What is the thousands digit of 12491?
2
What is the units digit of 3134?
4
What is the ten thousands digit of 18863?
1
What is the hundreds digit of 10236?
2
What is the hundreds digit of 895?
8
What is the hundreds digit of 12256?
2
What is the units digit of 342?
2
What is the tens digit of 277?
7
What is the thousands digit of 4496?
4
What is the tens digit of 1206?
0
What is the thousands digit of 116865?
6
What is the hundreds digit of 8519?
5
What is the hundreds digit of 809?
8
What is the ten thousands digit of 22256?
2
What is the tens digit of 1981?
8
What is the ten thousands digit of 52859?
5
What is the hundreds digit of 3492?
4
What is the tens digit of 988?
8
What is the tens digit of 183?
8
What is the thousands digit of 2322?
2
What is the thousands digit of 1315?
1
What is the units digit of 45?
5
What is the units digit of 1900?
0
What is the units digit of 3777?
7
What is the units digit of 91940?
0
What is the thousands digit of 4379?
4
What is the tens digit of 1926?
2
What is the units digit of 176?
6
What is the ten thousands digit of 41866?
4
What is the thousands digit of 40246?
0
What is the units digit of 2761?
1
What is the thousands digit of 24036?
4
What is the thousands digit of 5647?
5
What is the tens digit of 723?
2
What is the hundreds digit of 1739?
7
What is the thousands digit of 24802?
4
What is the thousands digit of 92547?
2
What is the tens digit of 711?
1
What is the tens digit of 14232?
3
What is the ten thousands digit of 42487?
4
What is the units digit of 28124?
4
What is the hundreds digit of 1162?
1
What is the tens digit of 35803?
0
What is the hundreds digit of 237?
2
What is the hundreds digit of 792?
7
What is the hundreds digit of 169?
1
What is the hundreds digit of 1389?
3
What is the ten thousands digit of 16959?
1
What is the thousands digit of 43477?
3
What is the hundreds digit of 5539?
5
What is the thousands digit of 1595?
1
What is the tens digit of 8394?
9
What is the hundreds digit of 1312?
3
What is the ten thousands digit of 136682?
3
What is the ten thousands digit of 27586?
2
What is the units digit of 43794?
4
What is the tens digit of 4511?
1
What is the units digit of 1876?
6
What is the thousands digit of 1568?
1
What is the tens digit of 17097?
9
What is the ten thousands digit of 57840?
5
What is the thousands digit of 39745?
9
What is the hundreds digit of 34657?
6
What is the ten thousands digit of 87175?
8
What is the tens digit of 12682?
8
What is the hundreds digit of 19665?
6
What is the thousands digit of 43753?
3
What is the thousands digit of 3868?
3
What is the units digit of 6543?
3
What is the units digit of 1869?
9
What is the tens digit of 776?
7
What is the hundreds digit of 477?
4
What is the ten thousands digit of 12388?
1
What is the units digit of 2460?
0
What is the hundreds digit of 60040?
0
What is the units digit of 2782?
2
What is the hundreds digit of 72889?
8
What is the tens digit of 617?
1
What is the units digit of 3694?
4
What is the tens digit of 824?
2
What is the hundreds digit of 22281?
2
What is the units digit of 4605?
5
What is the units digit of 19967?
7
What is the units digit of 77479?
9
What is the units digit of 2186?
6
What is the hundreds digit of 1078?
0
What is the thousands digit of 1158?
1
What is the units digit of 13633?
3
What is the units digit of 686?
6
What is the hundred thousands digit of 150462?
1
What is the units digit of 14125?
5
What is the hundreds digit of 477?
4
What is the hundreds digit of 5573?
5
What is the ten thousands digit of 97352?
9
What is the hundreds digit of 1803?
8
What is the thousands digit of 9047?
9
What is the thousands digit of 28997?
8
What is the units digit of 2618?
8
What is the thousands digit of 1138?
1
What is the units digit of 1030?
0
What is the units digit of 49?
9
What is the hundreds digit of 2176?
1
What is the units digit of 8815?
5
What is the units digit of 1754?
4
What is the thousands digit of 22364?
2
What is the units digit of 7936?
6
What is the hundreds digit of 8402?
4
What is the hundreds digit of 9914?
9
What is the units digit of 920?
0
What is the units digit of 11284?
4
What is the thousands digit of 4116?
4
What is the tens digit of 154994?
9
What is the thousands digit of 1033?
1
What is the units digit of 293?
3
What is the tens digit of 27538?
3
What is the units digit of